(t)?
-5
Let g(h) = h**3 + h**2 + 2*h + 2. Let v(c) = c**2 + c. Let w(a) = g(a) + v(a). What is w(-3)?
-16
Let p(c) = c**2 - 3*c - 4. Let g be (-76)/(-20) - (-1)/5. Let h be p(g). Let i(x) be the third derivative of -x**4/24 - x**3 - x**2. Give i(h).
-6
Let p(w) = -w**2 - 8*w - 2. Suppose 0 = -z + 5 - 12. Calculate p(z).
5
Let p(s) = 2*s + 59*s**3 + 0*s + 3 - 2*s**2 - 60*s**3. Give p(-3).
6
Suppose -3*g - 4 = -2*g. Let m(i) = -i**2 + 9*i - 6. Let o be m(8). Let f(y) = 5*y**3 + 0*y - 4*y**3 - 3*y**2 - 5*y - 1 + 6*y**o. Determine f(g).
3
Let y(f) be the third derivative of f**4/12 - 3*f**3/2 - 2*f**2. Let n be 2/(-3) - (-20)/3. What is y(n)?
3
Let h = -1 - 7. Let u = 32 - 22. Let n = h + u. Let y(l) = -5*l + 1. Determine y(n).
-9
Let g(h) = -h**2 + 4*h + 7. Let q be g(5). Let p(f) = 4*f**q + 6 - 4*f**3 - f - 2 + 3*f**3. Calculate p(4).
0
Let b(l) = 2 - 3*l**2 + 5*l**3 - 2*l**2 + 4*l**2 - 2*l**2 - l. Let o(t) = -9*t**3 + 6*t**2 + 3*t - 3. Let h(x) = -7*b(x) - 4*o(x). What is h(4)?
-6
Let s(a) be the second derivative of -a**5/20 + a**4/6 + 5*a**3/6 + 3*a**2/2 + 5*a. Calculate s(4).
-9
Let g(q) = -14*q**3 + q**2 + q. Let v be 0/(-2) - (13 + -12). What is g(v)?
14
Let i(x) be the first derivative of x**2 + 3*x + 2. Let o(b) = -b - 1. Let p(h) = -3*i(h) - 7*o(h). What is p(3)?
1
Let m(t) = -13*t + 5. Let y(j) = -3*j + 1. Let x(h) = 2*m(h) - 9*y(h). Let o = 33 - 28. Determine x(o).
6
Let o = 11 - 13. Let b be o*(-2 - (-3 - 0)). Let m(u) = -u. What is m(b)?
2
Suppose 2*b - 10 = -0*b. Let w(c) be the first derivative of -c**3/6 + 7*c**2/2 + c - 1. Let j(i) be the first derivative of w(i). Give j(b).
2
Let p(v) = v**3 + 11*v**2 + 3 - 4*v**2 - 8*v**2. Calculate p(0).
3
Let w(a) = a + 15. Let z be (-183)/18 + (-1)/(-6). Calculate w(z).
5
Let p(x) be the third derivative of -x**6/120 + x**5/15 + x**4/12 - 5*x**3/6 - 2*x**2. Let b(d) = 5*d + 4 - 3 - 2*d. Let t be b(1). Determine p(t).
3
Let u(s) be the first derivative of s**4/4 - 5*s**3/3 + 2*s**2 - 2*s + 8. Let r be u(2). Let x(c) = -c**3 - 6*c**2 - c. Calculate x(r).
6
Let f(i) = -4*i**2 - 2*i + 2. Let j(d) = 3*d - 2. Let k be j(0). Calculate f(k).
-10
Let v(k) = -5*k**2 - 3*k + 3. Let z(l) = 9*l**2 + 6*l - 5. Let a(b) = 11*v(b) + 6*z(b). Determine a(4).
-1
Let k be 8/(-10)*(-20)/2. Let a be 1/2*(7 + -1). Let l(g) = -4*g**2 + 8*g + 1. Let s(b) = 11*b**2 - 23*b - 2. Let u(n) = a*s(n) + k*l(n). Determine u(3).
-4
Suppose n = 1 - 2. Let f(x) be the second derivative of -x**5/20 + x**3/6 + 15*x. Give f(n).
0
Let l = -3 + -6. Let g be (-12)/l*6/4. Let q(i) be the first derivative of i**2 - 2*i - 2. Calculate q(g).
2
Let l(b) = b**2 - 5*b - 4. Let w be l(6). Let i(m) = -4*m + 5 - 5 - 5 + m**w + 0. What is i(5)?
0
Let x(t) = 4*t + 3. Suppose 2*z = -z + 12. Give x(z).
19
Let g(y) be the third derivative of -1/60*y**5 + 1/6*y**3 + 0 + 4*y**2 + 0*y - 1/12*y**4. What is g(-2)?
1
Let q(v) be the third derivative of 1/3*v**3 + 1/12*v**4 + 1/30*v**5 + 0*v - 2*v**2 - 1/120*v**6 + 0. Determine q(-2).
14
Let t = -5 - -8. Suppose -2*s = -25 - 11. Suppose 0 = 2*u + t*d - 16, 0*d = 4*u - d - s. Let w(f) = -f**2 + 3*f + 4. What is w(u)?
-6
Let f(m) be the first derivative of -m**5/20 - m**3/6 + 7*m**2/2 - 3*m + 5. Let s(i) be the first derivative of f(i). Give s(0).
7
Let x(p) = -17*p**3 + 5*p + 2. Let o(f) = -8*f**3 + 2*f + 1. Let k = -3 - -7. Let b(v) = k*x(v) - 9*o(v). What is b(1)?
5
Let i(n) be the first derivative of n**2/2 - 4. Determine i(-3).
-3
Let b(r) be the first derivative of r**2 + 2 + 3*r**2 - 5*r**2. Suppose 12 = -3*u - u. What is b(u)?
6
Let d(t) be the third derivative of t**5/60 + t**4/24 + 5*t**3/6 - 2*t**2. Determine d(0).
5
Suppose -j + 12 = -m, -m - 2*j + 4*j = 8. Let h = m - -23. Let s = -11 + h. Let i(o) = 2*o**2 + 6*o + 2. Give i(s).
10
Let f(q) = q + 2. Let b(m) = -m**3 - 6*m**2 - m - 3. Let j be b(-6). Suppose 12 = -0*t - j*t. Determine f(t).
-2
Suppose u + 0*u = -2*m - 2, 2*u - 4*m = 12. Suppose -7*x - 9 = -2*x + u*l, -2*x - 5*l = -9. Let t be (x/(-6))/(1/4). Let z(h) = h**2 - h. What is z(t)?
2
Let n be (-4)/10 - (-4)/10. Let h(t) = -5*t + 5. Let f(w) = 12*w - 11. Let z(v) = 2*f(v) + 5*h(v). Give z(n).
3
Let p(o) = 4*o - 11*o - 2*o**2 + 3*o**2 + 5 + 0*o**2. What is p(5)?
-5
Let k(x) = -2*x - 3. Let o = -112 + 117. Give k(o).
-13
Let s be (-2 - 0/1)/(-1). Suppose -3*t - s = -4*t. Let i(q) = -q**2 - 4*q + 4*q + 2 + q**3. What is i(t)?
6
Let l(r) = r**2 - 57*r**3 + 4*r**2 + 56*r**3 + 7*r. Suppose -t - z + 0*z = -5, -3*z = t - 3. Give l(t).
6
Let c(o) = 3*o**2 + o. Let h be 158/22 - 2/11. Suppose 9 = -k + h. What is c(k)?
10
Suppose -2*v + w = -3*v + 9, 3*w = 3. Let k(z) = -z**2 + 7*z + 7. What is k(v)?
-1
Let a(q) = -11*q - 2. Suppose 3*k = -4*k - 14. Calculate a(k).
20
Let g(w) = 3*w + 1. Let z be (-3)/(-6) + 10/4. What is g(z)?
10
Let u = 5 + -4. Let v(r) = -15*r + 15. Let g be (-7 + 6)/((-2)/(-12)). Let x(t) = -7*t + 7. Let d(c) = g*v(c) + 13*x(c). Calculate d(u).
0
Let d(k) = k + 3. Let v be d(3). Let l(u) = -u**2 + 6*u - 5. Let x be l(v). Let i(s) be the first derivative of s**2/2 + 2*s + 2. Give i(x).
-3
Let j(d) = 2*d**2 - 5*d - 3. Suppose -1 = 3*k + 2. Let g(m) = -3*m + 1. Let b be g(k). Determine j(b).
9
Let z = 11 - 8. Let h(g) = -3*g - 2*g**2 + 1 + g + z*g**3 - 2*g**3 - 2. What is h(2)?
-5
Let y(c) = c**2 - 7*c + 7. Let z be y(7). Let x(k) = k - 3*k - 2*k**2 - k**3 - k + z*k. Give x(-3).
-3
Let l = 5 + -3. Let i(s) = -2 - s - 9*s**2 + l + 8*s**2. Let n be -1*(2 - 1) - -3. What is i(n)?
-6
Let n(f) = f + 3. Suppose 0 = -3*w + m - 22, -2*w - 22 = m + 2*m. What is n(w)?
-5
Let b(r) be the third derivative of r**6/120 - r**5/15 - r**4/6 - r**3 - 9*r**2. Let x(o) = -o**2 - 7*o - 5. Let k be x(-5). Calculate b(k).
-1
Let a(c) be the second derivative of c**5/120 - c**4/12 - 2*c**3/3 + 3*c. Let v(g) be the second derivative of a(g). What is v(0)?
-2
Let j(s) = -3*s**2 + 2*s + 1. Suppose -4*i + 2*i = 0. Let k(m) be the third derivative of m**4/24 - m**3/6 + m**2. Let x be k(i). What is j(x)?
-4
Let f(c) = c**3 + 2*c**2 + 2. Suppose 5*q - 6*q + 5 = 0. Let z be 1*q/((-20)/8). Determine f(z).
2
Let g(u) = u**2 + 8. Let j(v) = 4*v**2 + 5. Let d(w) = -3*w**2 - 5. Let l(m) = -3*d(m) - 2*j(m). Let x(a) = -5*g(a) + 8*l(a). Determine x(-1).
3
Let i(v) = v**2 + 6*v. Let y be (1 - 6)/(2 + -1). Calculate i(y).
-5
Suppose 2*f - f + 2 = 0. Suppose v = -0*v - 1. Let g(k) = 3*k**2 - 7. Let c(p) = -p**2 + 1. Let i(t) = f*c(t) + v*g(t). What is i(0)?
5
Suppose j = 9 - 4. Let t(y) = y**2 - 4*y + 6. Calculate t(j).
11
Let r(z) = z + 3. Let y(s) = 2*s + 6. Let o(q) = 11*r(q) - 6*y(q). What is o(-5)?
2
Let h(a) = -16*a**3 + 5*a**2. Let p(r) = -3*r**3 + r**2. Let w(f) = 2*h(f) - 11*p(f). Suppose -1 = -3*z + 2. Determine w(z).
0
Let d(y) = -y**2 + y. Let r(b) = 32*b**2 - 24*b. Let g(j) = 24*d(j) + r(j). Give g(-1).
8
Let q(v) = -v**2 + 6*v - 6. Let w be q(4). Let u(t) = 28*t**2 - 16*t**w + 1 - 11*t**2. Let z(c) = c**3 + c. Let p be z(0). Give u(p).
1
Let q(u) be the second derivative of -u**5/120 - u**4/6 - u**3/3 + u. Let c(l) be the second derivative of q(l). Let i be -1 + -1 - (-1 - -2). Give c(i).
-1
Let m(y) be the third derivative of y**4/24 + y**3 + 2*y**2. Let u = -21 - -11. Let h = 5 + u. What is m(h)?
1
Let o(m) = -m**2 + 9*m + 2 - 6*m - 8*m + 0. Let k = -6 + 2. Calculate o(k).
6
Let n(o) = 2*o - 2. Let p(c) = -c**3 + 11*c**2 + 12*c - 3. Let d be p(12). What is n(d)?
-8
Let x = 114 + -115. Let v(g) = 13*g + 1. What is v(x)?
-12
Let j(t) = t**2 - t - 1. Let l(k) = -2*k**2 + 2*k + 5. Let x(i) = -4*j(i) - l(i). Calculate x(2).
-5
Let t(u) = u**3 + u**2 + u. Let n be t(-2). Let f(k) = k + 6. Give f(n).
0
Let g(w) = -2*w**3 + 2*w**2 + 3*w + 3. Let m = -97 - -100. Calculate g(m).
-24
Let m be 0*3/6 + 3. Let h(p) = -6*p**2 + 7 - 4*p + 0 - p**m - 3. Give h(-5).
-1
Let w = -12 + 16. Let n(u) = -u + 5. Let k(r) = -2*r + 5. Let g(a) = 2*k(a) - 3*n(a). What is g(w)?
-9
Let s(m) = -3*m - 5. Let q(r) = 6*r + 9. Let i(j) = 3*q(j) + 5*s(j). Calculate i(2).
8
Let v(a) = -7*a**2 + 9*a - 17. Let n(p) = 11*p**2 - 13*p + 26. Let x(y) = -5*n(y) - 8*v(y). Determine x(4).
-6
Let h be (((-20)/3)/(-10))/((-4)/30). Let u(s) = s**3 + 5*s**2 + s + 1. Give u(h).
-4
Let n(r) = -r**2 - 6*r. Suppose -3*m - 4*z = z - 10, -2*m - 25 = -3*z